{"id":33,"date":"2015-07-24T19:55:04","date_gmt":"2015-07-24T19:55:04","guid":{"rendered":"http:\/\/friseurundkosmetik.de\/?page_id=33"},"modified":"2024-10-12T08:53:13","modified_gmt":"2024-10-12T08:53:13","slug":"impressum","status":"publish","type":"page","link":"https:\/\/friseurundkosmetik.de\/?page_id=33","title":{"rendered":"Impressum"},"content":{"rendered":"<div id=\"id2\" class=\"style_SkipStroke_1 shape-with-text\">\n<div class=\"text-content graphic_textbox_layout_style_default_External_699_890\">\n<div class=\"graphic_textbox_layout_style_default\">\n<p class=\"paragraph_style\">Friseur&amp;Kosmetik<\/p>\n<p class=\"paragraph_style_1\">Edith Wommelsdorf<\/p>\n<p class=\"paragraph_style_2\">Niedere Stra\u00dfe 4<span class=\"style_1\"><br \/>\n<\/span><\/p>\n<p class=\"paragraph_style_2\">59929 Brilon<span class=\"style_1\"><br \/>\n<\/span><\/p>\n<p class=\"paragraph_style_2\">Telefon: +492961-3858<span class=\"style_1\"><br \/>\n<\/span><\/p>\n<p>Email: mail(at)friseurundkosmetik.de<\/p>\n<p class=\"paragraph_style\">Inhaberin:<\/p>\n<p class=\"paragraph_style_1\">Edith Wommelsdorf<\/p>\n<p class=\"paragraph_style_2\">USt.-Id.-Nr.: DE124321280<span class=\"style_1\"><br \/>\n<\/span><\/p>\n<p class=\"paragraph_style_4\">Copyright<span class=\"style_2\"><br \/>\n<\/span><\/p>\n<p class=\"paragraph_style_1\">Alle Rechte, auch die der fotomechanischen Wiedergabe, der Vervielf\u00e4ltigung und der Verbreitung mittels besonderer Verfahren (zum Beispiel Datenverarbeitung, Datentr\u00e4ger, Datennetze), auch teilweise, beh\u00e4lt sich Friseur&amp;Kosmetik vor. F\u00fcr etwaige Satzfehler sowie f\u00fcr die Richtigkeit der Eintragungen \u00fcbernimmt Friseur&amp;Kosmetik keine Gew\u00e4hr.<\/p>\n<p class=\"paragraph_style_2\">Fotos: <span class=\"style_3\">&#8211; Friseur und Kosmetik Wommelsdorf<br \/>\n<\/span><\/p>\n<p class=\"paragraph_style_2\"><span class=\"style_3\">\u00a0\u00a0\u00a0\u00a0\u00a0\u00a0\u00a0\u00a0\u00a0\u00a0 &#8211; LABORATOIRE <\/span>BIOSTHETIQUE, Pforzheim<\/p>\n<p class=\"paragraph_style_2\">\u00a0\u00a0\u00a0\u00a0\u00a0\u00a0\u00a0\u00a0\u00a0\u00a0 &#8211; istockphoto.com<span class=\"style_1\"><br \/>\n<\/span><\/p>\n<p class=\"paragraph_style_4\">Markenrecht<span class=\"style_2\"><br \/>\n<\/span><\/p>\n<p class=\"paragraph_style_1\">Wir weisen ausdr\u00fccklich darauf hin, dass die auf dieser Website genannten und gezeigten Bezeichnungen, Warenzeichen, Logos und Markennamen Eigentum der entsprechenden Firmen und\/oder Personen sind und dem Copyright unterliegen!<\/p>\n<p class=\"paragraph_style_4\">Internet-Bedingungen<span class=\"style_2\"><br \/>\n<\/span><\/p>\n<p class=\"paragraph_style_1\">Das Internet arbeitet als dezentraler Netzwerkverbund mit der Zwischenspeicherung und Weitergabe tempor\u00e4rer Daten. Eine Gew\u00e4hr f\u00fcr den Ausschluss von Manipulation, von versehentlichem Verf\u00e4lschen und Gew\u00e4hr f\u00fcr die Verwendung nur aktueller Daten (z.B. alte Version noch im Cache) auf dem Verbindungsweg Anbieter zu Nutzer kann es zurzeit daher nicht geben. Auf diese systembedingte Einschr\u00e4nkung weisen wir daher wie folgt hin: Sie erhalten diese Daten unter den Bedingungen des Internets. F\u00fcr die Richtigkeit der Angaben und die \u00dcbereinstimmung mit den Ursprungsdaten kann daher keine Gew\u00e4hr \u00fcbernommen werden.<\/p>\n<p class=\"paragraph_style_4\">Links<span class=\"style_2\"><br \/>\n<\/span><\/p>\n<p class=\"paragraph_style_1\">Mit Urteil vom 12. Mai 1998 hat das Landgericht Hamburg entschieden, dass mit Ausbringung eines Links die Inhalte der gelinkten Seite ggf. mit zu verantworten sind. Dies kann &#8211; so das LG &#8211; nur dadurch verhindert werden, dass man sich von diesen Inhalten ausdr\u00fccklich distanziert. Wir haben Links zu anderen Seiten im Internet gelegt. F\u00fcr alle diese Links gilt: Wir m\u00f6chten betonen, dass wir keinerlei Einfluss auf die Inhalte oder die Gestaltung der gelinkten Seiten haben. Deshalb distanzieren wir und hiermit ausdr\u00fccklich von allen Inhalten aller Seiten, die von unseren Seiten verlinkt sind. Die Inhalte dieser Seiten machen wir uns nicht zu Eigen. Diese Erkl\u00e4rung gilt f\u00fcr alle auf unseren Seiten angebrachten Links und f\u00fcr die Inhalte aller Seiten, zu denen die angebrachten Links f\u00fchren.<\/p>\n<\/div>\n<\/div>\n<\/div>\n","protected":false},"excerpt":{"rendered":"<p>Friseur&amp;Kosmetik Edith Wommelsdorf Niedere Stra\u00dfe 4 59929 Brilon Telefon: +492961-3858 Email: mail(at)friseurundkosmetik.de Inhaberin: Edith Wommelsdorf USt.-Id.-Nr.: DE124321280 Copyright Alle Rechte, auch die der fotomechanischen Wiedergabe, der Vervielf\u00e4ltigung und der Verbreitung mittels besonderer Verfahren (zum Beispiel Datenverarbeitung, Datentr\u00e4ger, Datennetze), auch teilweise, beh\u00e4lt sich Friseur&amp;Kosmetik vor. F\u00fcr etwaige Satzfehler sowie f\u00fcr die Richtigkeit der Eintragungen \u00fcbernimmt Friseur&amp;Kosmetik [&hellip;]<\/p>\n","protected":false},"author":1,"featured_media":0,"parent":29,"menu_order":0,"comment_status":"closed","ping_status":"closed","template":"","meta":{"_et_pb_use_builder":"","_et_pb_old_content":"","_et_gb_content_width":"","footnotes":""},"class_list":["post-33","page","type-page","status-publish","hentry"],"_links":{"self":[{"href":"https:\/\/friseurundkosmetik.de\/index.php?rest_route=\/wp\/v2\/pages\/33","targetHints":{"allow":["GET"]}}],"collection":[{"href":"https:\/\/friseurundkosmetik.de\/index.php?rest_route=\/wp\/v2\/pages"}],"about":[{"href":"https:\/\/friseurundkosmetik.de\/index.php?rest_route=\/wp\/v2\/types\/page"}],"author":[{"embeddable":true,"href":"https:\/\/friseurundkosmetik.de\/index.php?rest_route=\/wp\/v2\/users\/1"}],"replies":[{"embeddable":true,"href":"https:\/\/friseurundkosmetik.de\/index.php?rest_route=%2Fwp%2Fv2%2Fcomments&post=33"}],"version-history":[{"count":4,"href":"https:\/\/friseurundkosmetik.de\/index.php?rest_route=\/wp\/v2\/pages\/33\/revisions"}],"predecessor-version":[{"id":488,"href":"https:\/\/friseurundkosmetik.de\/index.php?rest_route=\/wp\/v2\/pages\/33\/revisions\/488"}],"up":[{"embeddable":true,"href":"https:\/\/friseurundkosmetik.de\/index.php?rest_route=\/wp\/v2\/pages\/29"}],"wp:attachment":[{"href":"https:\/\/friseurundkosmetik.de\/index.php?rest_route=%2Fwp%2Fv2%2Fmedia&parent=33"}],"curies":[{"name":"wp","href":"https:\/\/api.w.org\/{rel}","templated":true}]}}

<div id="id2" class="style_SkipStroke_1 shape-with-text">
<div class="text-content graphic_textbox_layout_style_default_External_699_890">
<div class="graphic_textbox_layout_style_default">
<p class="paragraph_style">Friseur&amp;Kosmetik</p>
<p class="paragraph_style_1">Edith Wommelsdorf</p>
<p class="paragraph_style_2">Niedere Straße 4<span class="style_1"><br />
</span></p>
<p class="paragraph_style_2">59929 Brilon<span class="style_1"><br />
</span></p>
<p class="paragraph_style_2">Telefon: +492961-3858<span class="style_1"><br />
</span></p>
<p>Email: mail(at)friseurundkosmetik.de</p>
<p class="paragraph_style">Inhaberin:</p>
<p class="paragraph_style_1">Edith Wommelsdorf</p>
<p class="paragraph_style_2">USt.-Id.-Nr.: DE124321280<span class="style_1"><br />
</span></p>
<p class="paragraph_style_4">Copyright<span class="style_2"><br />
</span></p>
<p class="paragraph_style_1">Alle Rechte, auch die der fotomechanischen Wiedergabe, der Vervielfältigung und der Verbreitung mittels besonderer Verfahren (zum Beispiel Datenverarbeitung, Datenträger, Datennetze), auch teilweise, behält sich Friseur&amp;Kosmetik vor. Für etwaige Satzfehler sowie für die Richtigkeit der Eintragungen übernimmt Friseur&amp;Kosmetik keine Gewähr.</p>
<p class="paragraph_style_2">Fotos: <span class="style_3">&#8211; Friseur und Kosmetik Wommelsdorf<br />
</span></p>
<p class="paragraph_style_2"><span class="style_3">           &#8211; LABORATOIRE </span>BIOSTHETIQUE, Pforzheim</p>
<p class="paragraph_style_2">           &#8211; istockphoto.com<span class="style_1"><br />
</span></p>
<p class="paragraph_style_4">Markenrecht<span class="style_2"><br />
</span></p>
<p class="paragraph_style_1">Wir weisen ausdrücklich darauf hin, dass die auf dieser Website genannten und gezeigten Bezeichnungen, Warenzeichen, Logos und Markennamen Eigentum der entsprechenden Firmen und/oder Personen sind und dem Copyright unterliegen!</p>
<p class="paragraph_style_4">Internet-Bedingungen<span class="style_2"><br />
</span></p>
<p class="paragraph_style_1">Das Internet arbeitet als dezentraler Netzwerkverbund mit der Zwischenspeicherung und Weitergabe temporärer Daten. Eine Gewähr für den Ausschluss von Manipulation, von versehentlichem Verfälschen und Gewähr für die Verwendung nur aktueller Daten (z.B. alte Version noch im Cache) auf dem Verbindungsweg Anbieter zu Nutzer kann es zurzeit daher nicht geben. Auf diese systembedingte Einschränkung weisen wir daher wie folgt hin: Sie erhalten diese Daten unter den Bedingungen des Internets. Für die Richtigkeit der Angaben und die Übereinstimmung mit den Ursprungsdaten kann daher keine Gewähr übernommen werden.</p>
<p class="paragraph_style_4">Links<span class="style_2"><br />
</span></p>
<p class="paragraph_style_1">Mit Urteil vom 12. Mai 1998 hat das Landgericht Hamburg entschieden, dass mit Ausbringung eines Links die Inhalte der gelinkten Seite ggf. mit zu verantworten sind. Dies kann &#8211; so das LG &#8211; nur dadurch verhindert werden, dass man sich von diesen Inhalten ausdrücklich distanziert. Wir haben Links zu anderen Seiten im Internet gelegt. Für alle diese Links gilt: Wir möchten betonen, dass wir keinerlei Einfluss auf die Inhalte oder die Gestaltung der gelinkten Seiten haben. Deshalb distanzieren wir und hiermit ausdrücklich von allen Inhalten aller Seiten, die von unseren Seiten verlinkt sind. Die Inhalte dieser Seiten machen wir uns nicht zu Eigen. Diese Erklärung gilt für alle auf unseren Seiten angebrachten Links und für die Inhalte aller Seiten, zu denen die angebrachten Links führen.</p>
</div>
</div>
</div>

<p>Friseur&amp;Kosmetik Edith Wommelsdorf Niedere Straße 4 59929 Brilon Telefon: +492961-3858 Email: mail(at)friseurundkosmetik.de Inhaberin: Edith Wommelsdorf USt.-Id.-Nr.: DE124321280 Copyright Alle Rechte, auch die der fotomechanischen Wiedergabe, der Vervielfältigung und der Verbreitung mittels besonderer Verfahren (zum Beispiel Datenverarbeitung, Datenträger, Datennetze), auch teilweise, behält sich Friseur&amp;Kosmetik vor. Für etwaige Satzfehler sowie für die Richtigkeit der Eintragungen übernimmt Friseur&amp;Kosmetik [&hellip;]</p>
